factor of l and 70.
70
Let p be 65/((7 + -3)*(-10)/(-16)). Let j = -183 + 300. What is the highest common divisor of p and j?
13
Let j be (-1)/(65/(-32) + 2). Suppose 4*s - 6*i + 5*i - 4825 = 0, 3*s - 3623 = 5*i. Suppose 0 = -27*n + s + 90. What is the highest common divisor of j and n?
16
Let l = 3663 + -2770. What is the greatest common divisor of l and 323?
19
Let i(c) = 28*c + 1. Let j be i(0). Suppose -15*u + j = -359. Calculate the greatest common factor of 300 and u.
12
Let u(x) = x**2 + 161*x + 5365. Let z be u(-47). What is the highest common divisor of 8680 and z?
7
Suppose 2*z = -4*o + 11686, o + 8*z - 13*z - 2960 = 0. Calculate the highest common divisor of o and 936.
117
Suppose 1239*o = 1255*o - 192. Calculate the greatest common factor of 29 and o.
1
Let d(g) = -g**3 + 11*g**2 + 23*g + 20. Let z be d(10). What is the highest common factor of z and 2240?
70
Let r = 4872 + -4354. What is the highest common divisor of r and 148?
74
Let t(r) = -3401*r - 281. Let q be t(-1). What is the greatest common factor of q and 585?
195
Suppose 2*g + g = -321. Let a be (-2)/5 - g/5. Let v be (294/16)/(((-52)/32)/(-13)). Calculate the greatest common factor of v and a.
21
Let j = 2987 + -2921. What is the greatest common divisor of j and 1122?
66
Suppose 114 = 5*d + 4*a, 0*d + 4*a - 70 = -3*d. Suppose d = 6*g - 254. Let f = g - 20. What is the highest common factor of f and 65?
13
Let r = 1 + 3. Let s(z) = -6*z**3 - 338*z**2 + 221*z - 331. Let p be s(-57). Calculate the highest common factor of p and r.
4
Suppose 4*o - 26 = 2*u, o - 4*u + 26 = 6*o. Let g be (o/(-8))/(19/(-1672)). Calculate the greatest common divisor of 154 and g.
22
Let j(k) = k**3 + k**2 - 2. Let f(y) = -2*y**3 - 15*y**2 + 15*y - 4. Let c(m) = -f(m) - 3*j(m). Let p be c(6). What is the highest common factor of p and 8?
8
Suppose 4*a + 28*a - 40022 = 24618. What is the highest common divisor of 70 and a?
10
Suppose 3*x - 102 = -2*z, 0 = -352*x + 357*x - z - 144. What is the greatest common factor of 726 and x?
6
Let x be (5/(-5) - -1)/2. Let k(d) = -d**2 - 2*d + 473. Let j be k(x). Calculate the highest common divisor of j and 11.
11
Let k = -2189 - -4100. Suppose -19*z = 20*z - k. What is the greatest common factor of 1127 and z?
49
Let u(v) = v**2 - 8*v - 1. Let t be u(13). Suppose -i = i - t. Suppose -2*n + 0*n = -i. Calculate the highest common divisor of 128 and n.
16
Let p = -122 - -150. Suppose 1 + 4 = 5*g. Let u be 2*g + (-2 - -7). What is the greatest common factor of u and p?
7
Let u(m) = 44*m + 316. Let d be u(-5). Calculate the greatest common divisor of 84 and d.
12
Let l = -14 + -18. Let w be 1 + l/24 + 578/6. Let p(f) = -f + 3. Let o be p(-9). What is the highest common divisor of w and o?
12
Let u be (-175)/2 - 33/(-22). Let y = u - -100. Let m = 416 + -234. Calculate the highest common factor of y and m.
14
Let h = 1340 - 960. Let w(q) = -q + 6. Let s be w(-14). What is the greatest common factor of h and s?
20
Let k(c) = 4*c**2 + 657*c - 14142. Let g be k(21). What is the highest common factor of 66 and g?
33
Let f be (242/33)/((-6)/135). Let d = f - -198. Calculate the greatest common factor of 99 and d.
33
Let s(q) = 15*q**2 + 75*q + 595. Let l be s(-7). Calculate the greatest common divisor of l and 1288.
161
Suppose 4*i - 2*i - 61 = -3*d, 0 = 2*i - 5*d - 85. Let c(b) = 8*b - 4*b + 14 - i. Let y be c(9). What is the greatest common divisor of 105 and y?
15
Let u(h) = 5*h - 120. Let l be u(27). Let n(d) = d**3 + 30*d**2 - 34*d - 60. Let i be n(-31). Calculate the highest common divisor of l and i.
3
Suppose -88 - 648 = -16*w. Let v(c) = -c**3 - 4*c**2 - 4*c + 1. Let f be v(-3). Suppose -f*j + 2*j = -230. What is the greatest common factor of w and j?
23
Let w be 0/(-1) + (-2 - -3). Suppose 110 = -13*j + 18*j. Let l = j - w. Calculate the greatest common divisor of 3 and l.
3
Let d be (((-580)/(-18))/10 - 3) + (-2860)/(-90). Calculate the greatest common divisor of 9904 and d.
16
Let v = -5 + 16. Let m = 13 - v. Let n = -19 + 24. Calculate the highest common divisor of m and n.
1
Suppose 22*n = -4*n + 104. Suppose 19*i - 17*i = 200. Calculate the highest common factor of n and i.
4
Let c be (1*8/(-6))/((-28)/378). Calculate the greatest common factor of c and 8784.
18
Let m be (-22)/(-110) + (-1112)/(-40). What is the highest common divisor of m and 476?
28
Suppose 10 = 5*t, 2*q - 2*t - 8935 + 1799 = 0. Calculate the greatest common factor of 15 and q.
15
Let d(s) = -11*s + 7587. Let z be d(-87). What is the highest common divisor of 96 and z?
96
Let j be (-6)/(-9)*(-8 + 7)*3. Let o(s) = s**3 + 3*s**2 - 2*s - 6. Let z be o(j). What is the greatest common divisor of z and 1?
1
Let l be ((-61)/(7320/432))/(6/(-440)). Calculate the highest common factor of 948 and l.
12
Suppose -2*k + 37 - 163 = -4*q, -4*q + 4*k = -124. Suppose 4*b + 12 = 2*h, -3*h + 2*h = 4*b. Calculate the greatest common factor of h and q.
4
Suppose 6*w + 35 = 13*w. Suppose 2*p = 4*d - 162, -w*d - 3*p - 38 = -6*d. What is the greatest common factor of 123 and d?
41
Suppose 3*p - 2 - 3 = 4*s, -3*s - 1 = -5*p. Let i be s + (0 + 153)/3. Suppose 69082 = 220*k - 6378. Calculate the greatest common divisor of i and k.
49
Suppose -23*i + 1273 + 1142 = 0. What is the greatest common divisor of 1435 and i?
35
Suppose -8*g + 390 = 8*g + 23*g. Calculate the highest common factor of g and 14350.
10
Let s = 22038 + -21526. What is the greatest common divisor of 344 and s?
8
Suppose -5*o = -2*w + 110, w = -4*w - 4*o + 242. Suppose -1245*s + 27075 = -162*s. Calculate the greatest common divisor of s and w.
25
Let p = 9488 - 7907. What is the greatest common divisor of 102 and p?
51
Suppose -4*q - 107 = 5*p - 361, -5*p + 5*q = -290. Let h = p + -52. Suppose 3*t = -h*x + 193, -4*x + 2*x = -4. Calculate the highest common factor of 7 and t.
7
Suppose -26 = 11*z - 13*z. Suppose 3*m - w - 1824 = 0, 701 = 3*m - 3*w - 1105. Calculate the greatest common divisor of z and m.
13
Suppose -7*q = -3826 + 501. Let n = q + -399. Calculate the highest common divisor of n and 266.
38
Suppose -u = -4*c + 31 + 39, 4*u + 8 = 0. Let n(t) = -15*t - 7 + c - 5. Let w be n(-7). Calculate the greatest common factor of w and 10.
10
Let i = -1067 - -1090. What is the greatest common factor of 851 and i?
23
Suppose 159*o + 1807 = 4*c + 156*o, c - 468 = 4*o. Calculate the greatest common divisor of c and 1216.
64
Suppose 0 = -3*q + 4*l + 13885, 27*q = 30*q + l - 13910. What is the greatest common divisor of q and 1133?
103
Let d = -781 - -871. Suppose 0 = -d*s + 113*s - 552. What is the greatest common divisor of s and 132?
12
Let u be -1 - -1 - (1 + (-12 - -9)). Suppose 4*o - 5*i - 9 = 0, u*i - 4*i + 2 = 4*o. Calculate the highest common divisor of 3 and o.
1
Let v(j) = j**3 + 2*j**2 + j - 4. Suppose 40 = 17*r - 9*r. Suppose -17 = -r*c - 7. Let w be v(c). What is the greatest common factor of w and 154?
14
Suppose -4 = -i - 3*o + 6*o, -4 = 4*o. Suppose 4*y - b = 1516, -2*b + i = -7. Calculate the greatest common factor of 152 and y.
76
Let z be 8/(-2) + (5 + 0 - -3). Let o be 2/z - 21/42. Suppose -20 = -o*y - 2*y + 5*b, 4*y - b - 58 = 0. What is the greatest common divisor of 90 and y?
15
Suppose 6*s - 14 - 10 = 0. Suppose -5*f + 5*j = -110, 8 = -s*j - 12. What is the highest common divisor of f and 459?
17
Suppose -104 = -3*n - a, 0*a - a = -2*n + 61. Let h(j) = -4*j + 14. Let c be h(8). Let m be 6/c - 397/(-3). What is the greatest common factor of n and m?
33
Let w be (1/(-3))/(5/60) + 4. Let c(v) = v**3 + v**2 + v + 96. Let f be c(w). Suppose f + 88 = 8*y. Calculate the highest common divisor of 184 and y.
23
Let t be -2 + (-5 - (2 - 8)) + 7. What is the highest common factor of t and 34?
2
Suppose -172*w + 2328 + 2364 = -149*w. What is the highest common divisor of w and 2227?
17
Let c(w) = -4*w**2 - 45*w - 131. Let f(p) = -p**2 - 11*p - 33. Let y(i) = 2*c(i) - 9*f(i). Let q be y(-9). What is the highest common factor of q and 15?
5
Let c be (-8)/(-14) - ((-7567)/49 + 1). Suppose -8*b + b = -c. Calculate the greatest common divisor of b and 2.
2
Suppose 4*x + 6*n - 26355 = 7*n, 5*n = -x + 6615. Calculate the greatest common divisor of 10 and x.
10
Let y = 72 - 70. Let c(v) = 10*v**y + 18*v**2 - 20 + 6*v - 27*v**2. Let x be c